65*c - 45528. Calculate r(-2).
2
Let k(a) = -a**3 - 22*a**2 + 956*a - 512. What is k(-44)?
16
Let w(n) = -n**3 - 552*n**2 - 557*n - 3234. What is w(-551)?
72
Let n(v) = -25726*v + 102938. What is n(4)?
34
Let c(h) = 280*h + 7333. Determine c(-28).
-507
Let m(j) = -j**3 - 321*j**2 - 315*j + 1579. Determine m(-320).
-21
Let h(f) = 22*f**3 - 133*f**2 + 3*f - 14. Determine h(4).
-722
Let z(r) = -r**2 - 8*r - 726. Give z(32).
-2006
Let h(l) = -12*l**3 - 64*l**2 + 171*l + 11. What is h(3)?
-376
Let t(i) = 4*i**2 - 1739*i - 244965. Calculate t(-112).
-21
Let p(w) = 3*w**2 - 179*w + 1029. What is p(53)?
-31
Let t(w) = -182*w**2 - 109012*w + 3777. Give t(-599).
183
Let y(l) = -8*l**3 + 107*l**2 - 171*l. Determine y(12).
-468
Let f(u) = -u**3 + u**2 - 13858*u + 41578. What is f(3)?
-14
Let i(a) = a**3 - 4*a**2 - 129*a - 38. Give i(15).
502
Let b(l) = 89391*l + 33342851. Calculate b(-373).
8
Let z(n) = 2*n**3 + 2*n**2 + 96*n - 51. Calculate z(5).
729
Let v(c) = -c**2 + 337*c + 140095. Give v(579).
-23
Let u(f) = -3*f**2 - 606*f + 1238. Determine u(-204).
14
Let w(h) = 3*h**2 - 164*h + 386. What is w(53)?
121
Let x(n) = 195*n**2 + 12163*n + 4545. Determine x(-62).
19
Let p(y) = 10586*y + 95294. What is p(-9)?
20
Let f(s) = 2705*s - 59562. Calculate f(22).
-52
Let u(a) = -a**3 - 254*a**2 + 5775*a + 131. What is u(-275)?
131
Let q(m) = -25777*m - 309074. What is q(-12)?
250
Let v(c) = -35762*c + 393390. Determine v(11).
8
Let j(p) = -p**3 - 25*p**2 - 42*p - 1789. Give j(-25).
-739
Let u(b) = 1835*b - 25415. What is u(14)?
275
Let p(n) = n**3 + 23*n**2 - 11663*n - 165053. Determine p(-14).
-7
Let h(b) = b**3 - 118*b**2 + 4475*b - 19545. Give h(5).
5
Let a(g) = -g**3 + 31*g**2 + 1130*g - 1984. Determine a(52).
-8
Let v(l) = l**3 - 19*l**2 + 61*l + 201. Give v(13).
-20
Let j(b) = b**3 + 3*b**2 - 112*b - 663. Determine j(-5).
-153
Let c(t) = -533*t - 9098. Calculate c(-17).
-37
Let x(v) = 89*v**2 - 1912*v + 4. Determine x(0).
4
Let x(n) = -n**2 + 48071*n + 1683724. What is x(-35)?
14
Let y(c) = -7*c**3 - c**2 - 24*c + 67. Determine y(3).
-203
Let u(f) = 29*f + 6263. Give u(-236).
-581
Let w(g) = -168345*g + 1010064. What is w(6)?
-6
Let c(v) = -3*v**2 - 101*v - 3790. Determine c(-45).
-5320
Let j(b) = -25*b**2 + 1169*b + 5869. Give j(-5).
-601
Let v(s) = -4479*s - 12838. What is v(-3)?
599
Let x(i) = -2*i**3 - 37*i**2 + 945*i + 2593. Calculate x(-32).
1
Let q(r) = 13254*r + 675895. Calculate q(-51).
-59
Let r(g) = 209*g**2 - 24664*g + 220. Determine r(118).
-16
Let q(r) = 132*r + 6846. Determine q(-37).
1962
Let f(k) = -61*k**2 - 9887*k + 39660. Determine f(-166).
-14
Let t(f) = 7*f**3 + 103*f**2 - 413*f - 19. What is t(-18)?
-37
Let t(v) = -v**2 + 413*v - 39938. Give t(165).
982
Let q(b) = 20*b**3 + 4281*b**2 - 185490*b - 246. Determine q(-251).
5
Let g(d) = 13*d**3 + 6277*d**2 - 954*d + 5794. Determine g(-483).
-2
Let f(h) = 2*h**3 + 226*h**2 + 1492*h + 67. Determine f(-7).
11
Let m(a) = a**3 + 642*a**2 + 4382*a - 40008. What is m(-635)?
-3
Let q(d) = 242*d - 10413. Give q(43).
-7
Let l(b) = -b**3 - 516*b**2 - 25036*b - 40645. Give l(-462).
11
Let v(p) = 158*p + 2521. Give v(-15).
151
Let z(r) = -r**2 + 288*r + 89690. What is z(-188)?
202
Let i(s) = -6510*s**3 + 13*s**2 - 17*s - 3. Determine i(1).
-6517
Let m(g) = 313*g**2 + 555*g - 218. Determine m(-2).
-76
Let v(d) = -4*d**3 - 46*d**2 - 501*d - 5249. What is v(-11)?
20
Let t(l) = 108649*l - 5432465. What is t(50)?
-15
Let h(k) = 493*k + 629. Determine h(-2).
-357
Let t(o) = -35*o**3 - 666*o**2 + 65*o + 1635. Determine t(-19).
39
Let r(l) = 14307*l + 600910. Determine r(-42).
16
Let u(v) = 13656*v + 27787. What is u(-2)?
475
Let k(t) = 4*t**3 - 106*t**2 + 2*t - 782. Give k(0).
-782
Let a(q) = 5*q**3 + 144*q**2 + 561*q - 353. Give a(-24).
7
Let b(a) = -139*a + 6478. What is b(50)?
-472
Let v(h) = 249605*h + 6240156. Calculate v(-25).
31
Let i(p) = 1576*p + 389277. Determine i(-247).
5
Let o(v) = 2015*v + 3909. Give o(-2).
-121
Let t(v) = -179666*v - 718452. Calculate t(-4).
212
Let q(l) = l**3 - 12*l**2 - 1622*l + 11421. What is q(7)?
-178
Let n(j) = -j**3 - 90*j**2 - 77*j + 911. Determine n(-89).
-157
Let z(m) = -11*m**2 - 41*m + 86. What is z(-10)?
-604
Let m(j) = 201797*j - 2219748. Calculate m(11).
19
Let v(n) = 324*n + 11972. Determine v(-37).
-16
Let m(c) = -622*c - 196357. Give m(-316).
195
Let k(o) = -259*o**2 - 99975*o - 385. Give k(-386).
1
Let k(z) = 3552*z + 1442. Give k(-1).
-2110
Let p(f) = 6*f**3 + 1165*f**2 + 1353*f + 467. Determine p(-193).
81
Let j(z) = 3*z**3 + 20*z**2 + 1263*z + 10182. Give j(-8).
-178
Let h(l) = 34*l**3 - 176*l**2 - 141*l - 158. Calculate h(6).
4
Let s(c) = 5307*c + 63644. Determine s(-12).
-40
Let x(w) = -8*w**3 - 3*w**2 + 123*w + 84. Calculate x(0).
84
Let n(x) = 156*x - 11681. Determine n(74).
-137
Let w(g) = -g**3 + 144*g**2 + 230*g + 31265. Give w(147).
248
Let f(t) = -110047*t - 57004353. What is f(-518)?
-7
Let g(l) = 6586*l - 26210. Determine g(4).
134
Let y(w) = w**2 + 4785*w - 125066. Calculate y(26).
20
Let u(l) = -2*l**2 - 277*l + 8788. Give u(-165).
43
Let z(s) = -s**2 - 20079*s + 120503. What is z(6)?
-7
Let s(g) = -3312*g + 1222133. Give s(369).
5
Let i(p) = -2*p**3 - 74*p**2 - 65*p - 451. What is i(-36)?
-703
Let s(g) = 233*g + 16064. Determine s(-68).
220
Let n(j) = -3*j**2 + 4543*j - 27086. Give n(6).
64
Let g(r) = -689501*r + 689574. Calculate g(1).
73
Let v(r) = 4*r**3 + 379*r**2 - 16*r - 27923. What is v(-94)?
89
Let f(m) = -m**3 - 5*m**2 - 97*m - 119. Calculate f(0).
-119
Let y(d) = -395*d**3 - 5*d**2 + 42*d - 47. Calculate y(1).
-405
Let p(i) = 2*i**3 + 42*i**2 + 207*i - 185. Determine p(-10).
-55
Let s(u) = -32800*u + 393559. Calculate s(12).
-41
Let d(m) = -m**3 - 6*m**2 - 179*m - 353. Determine d(-2).
-11
Let a(k) = k**3 + 334*k**2 + 22564*k + 348. Calculate a(-94).
-28
Let r(k) = -6*k**3 - 290*k**2 + 461*k + 26678. Determine r(-48).
-58
Let s(x) = 12493*x - 1823973. Give s(146).
5
Let v(d) = -d**3 - 328*d**2 + 15140*d + 4075. Give v(-369).
16
Let t(v) = 20460*v + 306853. Calculate t(-15).
-47
Let g(r) = -665*r + 136319. What is g(205)?
-6
Let v(h) = -2*h**3 + 33*h**2 - 110*h + 10. Calculate v(6).
106
Let z(t) = 2*t**2 + 17250*t + 1856480. What is z(-109)?
-8
Let g(l) = 6963*l - 48764. What is g(7)?
-23
Let r(d) = 104246*d + 13760476. Determine r(-132).
4
Let m(f) = f**3 + 174*f**2 + 850*f + 782. Calculate m(-169).
-63
Let k(p) = 3*p**2 - 249*p + 5049. Calculate k(40).
-111
Let u(d) = 1356*d - 80016. Determine u(59).
-12
Let n(v) = -2053*v + 22420. Calculate n(11).
-163
Let n(c) = -131*c**3 + 152*c**2 - 21*c + 21. What is n(1)?
21
Let o(r) = 18105*r - 289672. Give o(16).
8
Let l(y) = y**3 + 83*y**2 - 1468*y + 116. What is l(-98)?
-80
Let z(o) = 360232*o - 5403474. Calculate z(15).
6
Let m(r) = -1125*r - 537792. Give m(-478).
-42
Let o(j) = 2*j**2 + 3891*j + 277034. Determine o(-74).
52
Let u(f) = -7500*f - 93533. Calculate u(-13).
3967
Let a(q) = -2890*q - 17585. Determine a(-6).
-245
Let b(c) = -5775*c + 126884. What is b(22)?
-166
Let t(v) = -3*v**3 + 792*v**2 + 4008*v + 7284. Give t(269).
21
Let o(n) = 22*n**3 - 1347*n**2 - 1369*n - 22. Calculate o(-1).
-22
Let q(c) = -326*c - 8812. What is q(-27)?
-10
Let p(j) = -50*j**2 - 7426*j + 29723. Calculate p(4).
-781
Let l(a) = -5*a**3 - 311*a**2 - 876*a + 31. Determine l(-3).
-5
Let x(c) = -3*c**3 - 20*c**2 + 27*c - 7. Determine x(-8).
33
Let q(r) = -3*r**3 - 1145*r**2 - 4172*r - 5286. What is q(-378)?
6
Let w(z) = -1288*z**2 + 12360*z + 5194. Give w(10).
-6
Let k(n) = 7*n**2 + 193*n - 7633. Calculate k(22).
1
Let i(q) = -3712*q - 29821. Calculate i(-7).
-3837
Let h(s) = s**2 + 58*s + 831. Calculate h(-24).
15
Let s(v) = 404*v + 76. Calculate s(1).
480
Let v(h) = -16016*h + 48048. Calculate v(3).
0
Let w(l) = -10595*l + 40817. Give w(4).
-1563
Let f(j) = -17682*j - 265183. Determine f(-15).
47
Let o(w) = 30*w**2 + 2302*w - 2977. What is o(-78)?
-13
Let h(j) = -j**3 + 36*j**2 + 4573*j + 299. Determine h(88).
35
Let m(u) = -889112*u + 2667330. Determine m(3).
-6
Let l(i) = i**3 + 14*i**2 - 74*i - 44. What is l(-7)?
817
Let k(q) = -773*q**2 + 74*q + 76. Give k(-1).
-771
Let l(i) = 114*i - 1147. Give l(8).
-235
Let v(m) = 2*m**2 - 340*m - 586. Give v(170).
-586
Let a(f) = f**2 - 137349*f - 1510889.